 is the thousands digit of 11572208?
2
What is the hundred thousands digit of 326980?
3
What is the thousands digit of 2027736?
7
What is the ten thousands digit of 1814404?
1
What is the tens digit of 226457?
5
What is the hundred thousands digit of 153186?
1
What is the units digit of 64943?
3
What is the thousands digit of 56568?
6
What is the hundreds digit of 982872?
8
What is the units digit of 3367386?
6
What is the units digit of 367844?
4
What is the hundreds digit of 3750755?
7
What is the tens digit of 697265?
6
What is the ten thousands digit of 23726?
2
What is the ten thousands digit of 885839?
8
What is the hundreds digit of 719598?
5
What is the hundreds digit of 133247?
2
What is the millions digit of 6604878?
6
What is the thousands digit of 2242212?
2
What is the millions digit of 6826893?
6
What is the hundreds digit of 337418?
4
What is the tens digit of 6713252?
5
What is the hundred thousands digit of 465992?
4
What is the units digit of 803560?
0
What is the ten thousands digit of 8648853?
4
What is the millions digit of 2595471?
2
What is the thousands digit of 2460203?
0
What is the ten thousands digit of 700382?
0
What is the ten thousands digit of 2655858?
5
What is the hundred thousands digit of 288629?
2
What is the thousands digit of 59917?
9
What is the thousands digit of 1095158?
5
What is the tens digit of 129612?
1
What is the thousands digit of 13120479?
0
What is the hundreds digit of 2111315?
3
What is the tens digit of 515501?
0
What is the hundreds digit of 5217406?
4
What is the hundred thousands digit of 17938028?
9
What is the hundred thousands digit of 6906440?
9
What is the tens digit of 473887?
8
What is the units digit of 4558562?
2
What is the tens digit of 5493732?
3
What is the ten thousands digit of 60777?
6
What is the ten thousands digit of 989247?
8
What is the hundred thousands digit of 475725?
4
What is the tens digit of 334955?
5
What is the hundreds digit of 2342721?
7
What is the hundred thousands digit of 1402151?
4
What is the hundred thousands digit of 11583878?
5
What is the units digit of 2250896?
6
What is the thousands digit of 82186?
2
What is the units digit of 22976378?
8
What is the hundred thousands digit of 1787191?
7
What is the thousands digit of 12915376?
5
What is the hundreds digit of 54002?
0
What is the hundred thousands digit of 6203988?
2
What is the units digit of 219412?
2
What is the tens digit of 1211586?
8
What is the units digit of 1347815?
5
What is the thousands digit of 13600124?
0
What is the tens digit of 140416?
1
What is the units digit of 96393?
3
What is the tens digit of 450961?
6
What is the thousands digit of 183121?
3
What is the tens digit of 4608854?
5
What is the ten thousands digit of 95488?
9
What is the units digit of 215360?
0
What is the tens digit of 7737949?
4
What is the hundreds digit of 1679464?
4
What is the hundreds digit of 108077?
0
What is the ten thousands digit of 16794?
1
What is the ten thousands digit of 7481462?
8
What is the ten thousands digit of 595997?
9
What is the hundred thousands digit of 9105876?
1
What is the units digit of 369214?
4
What is the hundreds digit of 23197?
1
What is the hundreds digit of 8467851?
8
What is the tens digit of 14212601?
0
What is the millions digit of 1610364?
1
What is the units digit of 783828?
8
What is the thousands digit of 6002011?
2
What is the hundred thousands digit of 27092814?
0
What is the thousands digit of 260704?
0
What is the hundred thousands digit of 164712?
1
What is the thousands digit of 4440043?
0
What is the tens digit of 126073?
7
What is the hundreds digit of 3919743?
7
What is the millions digit of 1031748?
1
What is the hundreds digit of 181422?
4
What is the millions digit of 2137377?
2
What is the millions digit of 3947320?
3
What is the hundred thousands digit of 346416?
3
What is the hundreds digit of 1379655?
6
What is the thousands digit of 204706?
4
What is the hundreds digit of 942069?
0
What is the hundreds digit of 6919?
9
What is the hundred thousands digit of 3046430?
0
What is the hundreds digit of 173196?
1
What is the tens digit of 152785?
8
What is the ten thousands digit of 572672?
7
What is the units digit of 1213962?
2
What is the thousands digit of 65615?
5
What is the tens digit of 2493786?
8
What is the thousands digit of 1157964?
7
What is the thousands digit of 6576399?
6
What is the thousands digit of 10996358?
6
What is the units digit of 43155?
5
What is the hundreds digit of 1048100?
1
What is the tens digit of 295784?
8
What is the hundreds digit of 4314367?
3
What is the hundreds digit of 31541725?
7
What is the tens digit of 1657994?
9
What is the hundreds digit of 2479099?
0
What is the units digit of 80192?
2
What is the hundred thousands digit of 925741?
9
What is the millions digit of 1001486?
1
What is the millions digit of 3564074?
3
What is the units digit of 1511200?
0
What is the ten thousands digit of 638098?
3
What is the ten thousands digit of 4063498?
6
What is the ten thousands digit of 715720?
1
What is the thousands digit of 182379?
2
What is the ten thousands digit of 3936042?
3
What is the millions digit of 5142128?
5
What is the tens digit of 652863?
6
What is the millions digit of 3296530?
3
What is the tens digit of 387712?
1
What is the tens digit of 453793?
9
What is the tens digit of 411943?
4
What is the hundreds digit of 33086285?
2
What is the units digit of 117314?
4
What is the millions digit of 1863109?
1
What is the units digit of 225825?
5
What is the hundred thousands digit of 508756?
5
What is the hundreds digit of 957835?
8
What is the hundred thousands digit of 7882724?
8
What is the ten thousands digit of 1098452?
9
What is the units digit of 2877732?
2
What is the hundred thousands digit of 226068?
2
What is the ten thousands digit of 23424?
2
What is the tens digit of 337284?
8
What is the ten thousands digit of 2030651?
3
What is the units digit of 670106?
6
What is the units digit of 1080799?
9
What is the thousands digit of 687590?
7
What is the tens digit of 9648392?
9
What is the units digit of 1373861?
1
What is the tens digit of 1802014?
1
What is the hundred thousands digit of 13784051?
7
What is the ten thousands digit of 3935226?
3
What is the hundred thousands digit of 784745?
7
What is the tens digit of 67511?
1
What is the millions digit of 3837196?
3
What is the hundreds digit of 130208?
2
What is the ten thousands digit of 447679?
4
What is the hundred thousands digit of 5033802?
0
What is the hundred thousands digit of 29923044?
9
What is the tens digit of 13478899?
9
What is the units digit of 1366040?
0
What is the tens digit of 808023?
2
What is the thousands digit of 11660972?
0
What is the ten thousands digit of 2573958?
7
What is the hundreds digit of 819167?
1
What is the ten thousands digit of 1758016?
5
What is the thousands digit of 164989?
4
What is the hundreds digit of 939189?
1
What is the thousands digit of 1102754?
2
What is the tens digit of 279164?
6
What is the hundreds digit of 183039?
0
What is the hundred thousands digit of 101998?
1
What is the ten millions digit of 10063607?
1
What is the millions digit of 2613565?
2
What is the tens digit of 69085?
8
What is the millions digit of 3167981?
3
What is the units digit of 1370950?
0
What is the hundred thousands digit of 318810?
3
What is the hundreds digit of 78244?
2
What is the hundred thousands digit of 968667?
9
What is the ten thousands digit of 1101259?
0
What is the hundreds digit of 5570625?
6
What is the ten thousands digit of 23639611?
3
What is the units digit of 2075179?
9
What is the units digit of 19480998?
8
What is the tens digit of 1269183?
8
What is the ten thousands digit of 362909?
6
What is the tens digit of 2033776?
7
What is the tens digit of 1784001?
0
What is the thousands digit of 251907?
1
What is the hundred thousands digit of 13647436?
6
What is the ten thousands digit of 6112680?
1
What is the thousands digit of 238378?
8
What is the ten thousands digit of 1907863?
0
What is the millions digit of 12382740?
2
What is the thousands digit of 248203?
8
What is the hundreds digit of 995187?
1
What is the hundreds digit of 432352?
3
What is the tens digit of 1697505?
0
What 